{"id":11281,"date":"2026-03-18T17:11:47","date_gmt":"2026-03-18T16:11:47","guid":{"rendered":"https:\/\/paxspain.com\/product\/filtro-g3-interno\/"},"modified":"2026-03-18T17:11:47","modified_gmt":"2026-03-18T16:11:47","slug":"filtro-g3-interno","status":"publish","type":"product","link":"https:\/\/paxspain.com\/pt-pt\/produto\/filtro-g3-interno\/","title":{"rendered":"Filtro G3 interno"},"content":{"rendered":"<p data-start=\"2147\" data-end=\"2455\">O <strong data-start=\"2151\" data-end=\"2180\">Filtro G3 interno i-Vent<\/strong> foi concebido para apoiar o funcionamento fi\u00e1vel da <strong data-start=\"2230\" data-end=\"2263\">Unidade de Ventila\u00e7\u00e3o Inteligente i-Vent<\/strong>, proporcionando filtragem de part\u00edculas grossas no interior do sistema. Instalado internamente, o filtro ajuda a capturar part\u00edculas maiores em suspens\u00e3o no ar de entrada antes de este chegar ao ambiente interior. <\/p>\n<p data-start=\"2457\" data-end=\"2802\">Os filtros G3 s\u00e3o normalmente utilizados em sistemas de ventila\u00e7\u00e3o como <strong data-start=\"2512\" data-end=\"2527\">pr\u00e9-filtros<\/strong>, tendo como fun\u00e7\u00e3o remover part\u00edculas maiores, como p\u00f3, fibras, fragmentos de p\u00f3len e outros detritos em suspens\u00e3o no ar. Ao capturar estas part\u00edculas numa fase inicial do percurso do fluxo de ar, o filtro ajuda a manter o ar limpo e apoia o desempenho a longo prazo da unidade de ventila\u00e7\u00e3o. <\/p>\n<p data-start=\"2804\" data-end=\"3112\">Em sistemas de ventila\u00e7\u00e3o compactos, como a Unidade de Ventila\u00e7\u00e3o Inteligente i-Vent, os filtros internos desempenham um papel importante na manuten\u00e7\u00e3o da efici\u00eancia do fluxo de ar e na prote\u00e7\u00e3o dos componentes internos contra a acumula\u00e7\u00e3o de p\u00f3. Sem uma filtragem adequada, as part\u00edculas podem acumular-se no interior do sistema e reduzir o desempenho ao longo do tempo. <\/p>\n<p data-start=\"3114\" data-end=\"3382\">O filtro G3 foi concebido especificamente para ser compat\u00edvel com a <strong data-start=\"3180\" data-end=\"3213\">Unidade de Ventila\u00e7\u00e3o Inteligente i-Vent<\/strong>, garantindo o ajuste correto e as caracter\u00edsticas do fluxo de ar. A sua estrutura leve em espuma permite a passagem do ar, ao mesmo tempo que ret\u00e9m part\u00edculas maiores no material do filtro. <\/p>\n<p data-start=\"3384\" data-end=\"3685\">Como todos os filtros de ventila\u00e7\u00e3o, o filtro G3 interno deve ser inspecionado regularmente e substitu\u00eddo quando necess\u00e1rio. \u00c0 medida que o filtro recolhe part\u00edculas do ar, a resist\u00eancia ao fluxo de ar aumenta gradualmente. A substitui\u00e7\u00e3o do filtro em intervalos adequados ajuda a manter um fluxo de ar consistente e a efici\u00eancia do sistema.  <\/p>\n<p data-start=\"3687\" data-end=\"3866\">O Filtro G3 interno i-Vent destina-se a substitui\u00e7\u00e3o de manuten\u00e7\u00e3o da Unidade de Ventila\u00e7\u00e3o Inteligente i-Vent e deve ser utilizado para manter o sistema a funcionar conforme previsto.<\/p>\n","protected":false},"excerpt":{"rendered":"<p>O <strong data-start=\"1734\" data-end=\"1763\">Filtro G3 interno i-Vent<\/strong> \u00e9 um filtro de substitui\u00e7\u00e3o para part\u00edculas grossas concebido para a <strong data-start=\"1821\" data-end=\"1854\">Unidade de Ventila\u00e7\u00e3o Inteligente i-Vent<\/strong>. Instalado no interior do sistema de ventila\u00e7\u00e3o, ajuda a capturar part\u00edculas maiores em suspens\u00e3o no ar, como p\u00f3 e detritos, antes de o ar entrar no espa\u00e7o interior. Este filtro assegura um fluxo de ar consistente e ajuda a proteger os componentes internos da unidade de ventila\u00e7\u00e3o.  <\/p>\n","protected":false},"featured_media":11282,"comment_status":"closed","ping_status":"closed","template":"","meta":{"_et_pb_use_builder":"","_et_pb_old_content":"","_et_gb_content_width":""},"product_brand":[167],"product_cat":[197],"product_tag":[],"class_list":{"0":"post-11281","1":"product","2":"type-product","3":"status-publish","4":"has-post-thumbnail","6":"product_brand-i-vent","7":"product_cat-acessorios-i-vent","9":"first","10":"instock","11":"taxable","12":"shipping-taxable","13":"purchasable","14":"product-type-simple"},"jetpack_sharing_enabled":true,"_links":{"self":[{"href":"https:\/\/paxspain.com\/pt-pt\/wp-json\/wp\/v2\/product\/11281","targetHints":{"allow":["GET"]}}],"collection":[{"href":"https:\/\/paxspain.com\/pt-pt\/wp-json\/wp\/v2\/product"}],"about":[{"href":"https:\/\/paxspain.com\/pt-pt\/wp-json\/wp\/v2\/types\/product"}],"replies":[{"embeddable":true,"href":"https:\/\/paxspain.com\/pt-pt\/wp-json\/wp\/v2\/comments?post=11281"}],"wp:featuredmedia":[{"embeddable":true,"href":"https:\/\/paxspain.com\/pt-pt\/wp-json\/wp\/v2\/media\/11282"}],"wp:attachment":[{"href":"https:\/\/paxspain.com\/pt-pt\/wp-json\/wp\/v2\/media?parent=11281"}],"wp:term":[{"taxonomy":"product_brand","embeddable":true,"href":"https:\/\/paxspain.com\/pt-pt\/wp-json\/wp\/v2\/product_brand?post=11281"},{"taxonomy":"product_cat","embeddable":true,"href":"https:\/\/paxspain.com\/pt-pt\/wp-json\/wp\/v2\/product_cat?post=11281"},{"taxonomy":"product_tag","embeddable":true,"href":"https:\/\/paxspain.com\/pt-pt\/wp-json\/wp\/v2\/product_tag?post=11281"}],"curies":[{"name":"wp","href":"https:\/\/api.w.org\/{rel}","templated":true}]}}

<p data-start="2147" data-end="2455">O <strong data-start="2151" data-end="2180">Filtro G3 interno i-Vent</strong> foi concebido para apoiar o funcionamento fiável da <strong data-start="2230" data-end="2263">Unidade de Ventilação Inteligente i-Vent</strong>, proporcionando filtragem de partículas grossas no interior do sistema. Instalado internamente, o filtro ajuda a capturar partículas maiores em suspensão no ar de entrada antes de este chegar ao ambiente interior. </p>
<p data-start="2457" data-end="2802">Os filtros G3 são normalmente utilizados em sistemas de ventilação como <strong data-start="2512" data-end="2527">pré-filtros</strong>, tendo como função remover partículas maiores, como pó, fibras, fragmentos de pólen e outros detritos em suspensão no ar. Ao capturar estas partículas numa fase inicial do percurso do fluxo de ar, o filtro ajuda a manter o ar limpo e apoia o desempenho a longo prazo da unidade de ventilação. </p>
<p data-start="2804" data-end="3112">Em sistemas de ventilação compactos, como a Unidade de Ventilação Inteligente i-Vent, os filtros internos desempenham um papel importante na manutenção da eficiência do fluxo de ar e na proteção dos componentes internos contra a acumulação de pó. Sem uma filtragem adequada, as partículas podem acumular-se no interior do sistema e reduzir o desempenho ao longo do tempo. </p>
<p data-start="3114" data-end="3382">O filtro G3 foi concebido especificamente para ser compatível com a <strong data-start="3180" data-end="3213">Unidade de Ventilação Inteligente i-Vent</strong>, garantindo o ajuste correto e as características do fluxo de ar. A sua estrutura leve em espuma permite a passagem do ar, ao mesmo tempo que retém partículas maiores no material do filtro. </p>
<p data-start="3384" data-end="3685">Como todos os filtros de ventilação, o filtro G3 interno deve ser inspecionado regularmente e substituído quando necessário. À medida que o filtro recolhe partículas do ar, a resistência ao fluxo de ar aumenta gradualmente. A substituição do filtro em intervalos adequados ajuda a manter um fluxo de ar consistente e a eficiência do sistema.  </p>
<p data-start="3687" data-end="3866">O Filtro G3 interno i-Vent destina-se a substituição de manutenção da Unidade de Ventilação Inteligente i-Vent e deve ser utilizado para manter o sistema a funcionar conforme previsto.</p>

<p>O <strong data-start="1734" data-end="1763">Filtro G3 interno i-Vent</strong> é um filtro de substituição para partículas grossas concebido para a <strong data-start="1821" data-end="1854">Unidade de Ventilação Inteligente i-Vent</strong>. Instalado no interior do sistema de ventilação, ajuda a capturar partículas maiores em suspensão no ar, como pó e detritos, antes de o ar entrar no espaço interior. Este filtro assegura um fluxo de ar consistente e ajuda a proteger os componentes internos da unidade de ventilação.  </p>
